
True
Is 5291103 a composite number?
True
Is 205711361 a composite number?
True
Is 8103721 composite?
False
Is 35730031 prime?
True
Is 360939131 prime?
False
Is 23701481 composite?
False
Is 7668831 prime?
False
Is 737603659 prime?
False
Is 1106501 composite?
True
Is 24798451 a composite number?
True
Is 2899889 composite?
True
Is 286784731 composite?
False
Is 30862901 prime?
True
Is 12548257 prime?
True
Is 5758195 a composite number?
True
Is 4768129 a composite number?
False
Is 1096763 a composite number?
False
Is 7802666 a prime number?
False
Is 2339609 a prime number?
True
Is 4223117 prime?
True
Is 23588707 a composite number?
True
Is 41669751 a prime number?
False
Is 129730619 prime?
False
Is 10957603 a prime number?
True
Is 5928541 prime?
False
Is 24908041 prime?
False
Is 57424901 composite?
True
Is 11382307 composite?
False
Is 5560509 prime?
False
Is 30971659 composite?
False
Is 270455929 a prime number?
True
Is 1700297 prime?
True
Is 197515243 a prime number?
True
Is 4754021 a prime number?
True
Is 335532347 a prime number?
False
Is 28818479 prime?
False
Is 42913217 composite?
False
Is 298884871 composite?
True
Is 32860153 prime?
True
Is 14970871 a prime number?
True
Is 1160407 a composite number?
False
Is 31841063 a composite number?
True
Is 1371716933 a composite number?
True
Is 5641019 a prime number?
True
Is 210854359 prime?
True
Is 6700553 a prime number?
True
Is 7913657 composite?
False
Is 198829661 composite?
True
Is 4273573 prime?
False
Is 7659283 composite?
False
Is 1582103 a prime number?
False
Is 147480101 a composite number?
False
Is 182450189 prime?
True
Is 92055749 prime?
True
Is 1621219 prime?
True
Is 7617913 a prime number?
True
Is 58945607 a prime number?
False
Is 84844583 a prime number?
True
Is 1199746271 a prime number?
False
Is 1880819 a composite number?
False
Is 18488201 a prime number?
True
Is 12080141 prime?
True
Is 3377 prime?
False
Is 254420971 a composite number?
True
Is 182501459 composite?
True
Is 1543933 a composite number?
True
Is 657901 composite?
True
Is 796487 composite?
False
Is 5613217 composite?
False
Is 39773963 prime?
True
Is 230221 a prime number?
True
Is 7651211 prime?
True
Is 831529 prime?
True
Is 1387619 a prime number?
False
Is 1218871 a composite number?
True
Is 528010577 composite?
False
Is 288056519 a composite number?
True
Is 10790909 composite?
False
Is 306235645 a composite number?
True
Is 4322737 composite?
True
Is 227125351 prime?
False
Is 6117677 a composite number?
True
Is 2670923 a prime number?
True
Is 145752443 prime?
True
Is 720730867 a prime number?
False
Is 19074511 prime?
False
Is 591454 a prime number?
False
Is 62131037 a composite number?
True
Is 5799053 composite?
True
Is 392374547 a composite number?
True
Is 1166723 prime?
True
Is 304937 a composite number?
False
Is 393749 composite?
False
Is 206935661 composite?
False
Is 17322491 a prime number?
True
Is 3467869 a prime number?
True
Is 26152249 a composite number?
False
Is 3154691 composite?
False
Is 48379381 composite?
True
Is 265397813 a composite number?
True
Is 105413437 a prime number?
False
Is 3907037 a composite number?
False
Is 14845445 a composite number?
True
Is 147859454 composite?
True
Is 137846099 a composite number?
False
Is 49978937 a prime number?
False
Is 154473491 composite?
False
Is 203057 composite?
False
Is 14196919 prime?
False
Is 233734601 a composite number?
False
Is 39116291 a prime number?
True
Is 28528259 prime?
True
Is 57643921 a prime number?
True
Is 194429933 prime?
True
Is 41851483 prime?
False
Is 60781759 a composite number?
False
Is 23321167 prime?
False
Is 659083 composite?
True
Is 6868249 prime?
False
Is 691803163 composite?
True
Is 291718139 a composite number?
False
Is 6068521 a prime number?
False
Is 913189705 composite?
True
Is 333517699 a prime number?
True
Is 2522183 prime?
False
Is 3163387 a prime number?
True
Is 2178823 prime?
True
Is 127572611 prime?
False
Is 6652029 a prime number?
False
Is 15068866 composite?
True
Is 13430801 composite?
False
Is 884789 composite?
False
Is 3373969 a prime number?
True
Is 170743541 a prime number?
False
Is 17830754 prime?
False
Is 6850043 prime?
False
Is 181913717 a prime number?
False
Is 283447 composite?
False
Is 32671273 a prime number?
False
Is 51912867 composite?
True
Is 6629219 a composite number?
False
Is 69196769 a prime number?
True
Is 5872169 a composite number?
True
Is 8303809 a prime number?
False
Is 28137281 prime?
True
Is 36709871 a composite number?
True
Is 1959456749 prime?
True
Is 212925695 a composite number?
True
Is 7851271 a composite number?
True
Is 18149701 composite?
False
Is 24264211 prime?
True
Is 44251667 composite?
True
Is 107419981 a prime number?
True
Is 290412481 prime?
True
Is 15687097 a composite number?
True
Is 737133949 a composite number?
False
Is 1131205 a prime number?
False
Is 1097627 composite?
False
Is 68645407 a prime number?
False
Is 45690959 composite?
False
Is 5651573 a composite number?
False
Is 238587613 a composite number?
True
Is 19452791 a prime number?
True
Is 1721441 composite?
False
Is 201505033 a composite number?
False
Is 11189903 prime?
True
Is 3074021 prime?
True
Is 176510821 composite?
True
Is 35636889 composite?
True
Is 229923973 composite?
True
Is 23065087 composite?
False
Is 31933723 a prime number?
False
Is 820441 a composite number?
False
Is 5392463 composite?
True
Is 69349543 prime?
False
Is 35720123 a prime number?
False
Is 35402363 composite?
True
Is 12527237 a prime number?
True
Is 206183827 prime?
True
Is 219676909 prime?
True
Is 53309 composite?
False
Is 11402207 composite?
False
Is 8949329 a composite number?
True
Is 112904083 a prime number?
True
Is 408931 a composite number?
True
Is 10486027 a prime number?
False
Is 375542997 prime?
False
Is 1688623 composite?
False
Is 1235527 prime?
False
Is 947143433 composite?
False
Is 153333683 composite?
False
Is 6018593 a composite number?
True
Is 16575677 composite?
False
Is 31274381 a composite number?
True
Is 426587501 prime?
True
Is 1860477 a prime number?
False
Is 107601733 composite?
True
Is 44941607 prime?
True
Is 101127965 composite?
True
Is 260504347 a composite number?
False
Is 55720439 a composite number?
True
Is 5907191 a prime number?
True
Is 42399839 prime?
False
Is 497353 prime?
False
Is 5037269 a prime number?
True
Is 18169093 a prime number?
True
Is 272197841 composite?
False
Is 27935561 a prime number?
True
Is 6974171 a composite number?
False
Is 592507 a composite number?
False
Is 6442399 composite?
False
Is 83078219 a prime number?
False
Is 407399 composite?
True
Is 3001499 a prime number?
True
Is 318523 a composite number?
False
Is 484423039 a composite number?
False
Is 12518995 composite?
True
Is 2026867 a prime number?
False
Is 113870333 prime?
False
Is 23810194 a prime number?
False
Is 68393 a prime number?
False
Is 157589 prime?
False
Is 189755 composite?
True
Is 376357 composite?
True
Is 12022529 prime?
False
Is 34759327 prime?
True
Is 4819399 a prime number?
False
Is 25252211 a composite number?
True
Is 656113 prime?
True
Is 41039393 a prime number?
True
Is 2701319 composite?
False
Is 12021899 a composite number?
True
Is 7177057 a prime number?
False
Is 181049293 prime?
False
Is 518615 prime?
False
Is 82880839 prime?
True
Is 5267401 composite?
False
Is 2983163 composite?
False
Is 30847547 a prime number?
True
Is 1015221237 a composite number?
True
Is 11116709 a composite number?
False
Is 7816969 a prime number?
False
Is 2026051 a prime number?
False
Is 401130077 composite?
False
Is 6332693 composite?
False
Is 169999447 prime?
False
Is 9065447 composite?
True
Is 6775117 a prime number?
True
Is 5945761 composite?
False
Is 7776445 a prime number?
False
Is 5200711 a composite number?
False
Is 4969339 prime?
True
Is 15214187 a composite number?
True
Is 31359089 prime?
True
Is 3527803 composite?
False
Is 804817 a composite number?
True
Is 1203481 a prime number?
False
Is 18045607 a prime number?
True
Is 2730383 composite?
False
Is 19726969 composite?
True
Is 56475719 a prime number?
False
Is 16504507 composite?
False
Is 277289827 composite?
False
Is 177069691 composite?
False
Is 296528047 a composite number?
False
Is 11770555 a composite number?
True
Is 60429389 prime?
True
Is 7173721 composite?
False
Is 8335261 